 digit of 1167103?
6
What is the millions digit of 2164147?
2
What is the millions digit of 2231442?
2
What is the thousands digit of 181239?
1
What is the thousands digit of 310430?
0
What is the tens digit of 6320347?
4
What is the thousands digit of 4809281?
9
What is the thousands digit of 4809260?
9
What is the hundred thousands digit of 593718?
5
What is the thousands digit of 15392?
5
What is the hundreds digit of 337939?
9
What is the hundred thousands digit of 27784102?
7
What is the units digit of 327181?
1
What is the hundred thousands digit of 147860?
1
What is the ten thousands digit of 426356?
2
What is the tens digit of 2905945?
4
What is the thousands digit of 1605682?
5
What is the hundreds digit of 141841?
8
What is the tens digit of 382248?
4
What is the hundred thousands digit of 2012689?
0
What is the thousands digit of 18569258?
9
What is the tens digit of 37757?
5
What is the millions digit of 3224848?
3
What is the units digit of 867480?
0
What is the hundred thousands digit of 102484?
1
What is the ten thousands digit of 4284606?
8
What is the tens digit of 171077?
7
What is the ten thousands digit of 8109483?
0
What is the ten thousands digit of 6889891?
8
What is the units digit of 16632?
2
What is the thousands digit of 1257604?
7
What is the thousands digit of 3908070?
8
What is the tens digit of 1106791?
9
What is the thousands digit of 1097026?
7
What is the hundred thousands digit of 6190456?
1
What is the units digit of 12556708?
8
What is the ten thousands digit of 4641515?
4
What is the tens digit of 660084?
8
What is the ten thousands digit of 681769?
8
What is the units digit of 80894?
4
What is the hundreds digit of 408715?
7
What is the tens digit of 15162?
6
What is the thousands digit of 2548900?
8
What is the thousands digit of 119428?
9
What is the tens digit of 2640994?
9
What is the ten thousands digit of 13893703?
9
What is the tens digit of 1527908?
0
What is the ten thousands digit of 29478145?
7
What is the thousands digit of 6652889?
2
What is the ten thousands digit of 358732?
5
What is the ten millions digit of 11192971?
1
What is the thousands digit of 205673?
5
What is the hundred thousands digit of 468572?
4
What is the hundreds digit of 394953?
9
What is the tens digit of 4669286?
8
What is the tens digit of 154446?
4
What is the millions digit of 5625170?
5
What is the thousands digit of 1129591?
9
What is the thousands digit of 1087734?
7
What is the ten thousands digit of 34097781?
9
What is the ten thousands digit of 1769476?
6
What is the hundred thousands digit of 4343300?
3
What is the thousands digit of 527531?
7
What is the thousands digit of 126588?
6
What is the millions digit of 5978213?
5
What is the thousands digit of 3491195?
1
What is the hundred thousands digit of 864983?
8
What is the thousands digit of 3831032?
1
What is the ten thousands digit of 18618084?
1
What is the thousands digit of 493809?
3
What is the thousands digit of 163452?
3
What is the hundreds digit of 345869?
8
What is the ten thousands digit of 95504?
9
What is the hundred thousands digit of 250930?
2
What is the hundreds digit of 662216?
2
What is the tens digit of 300053?
5
What is the tens digit of 401269?
6
What is the hundred thousands digit of 5563398?
5
What is the hundreds digit of 676102?
1
What is the hundreds digit of 15000728?
7
What is the units digit of 14514555?
5
What is the hundred thousands digit of 727575?
7
What is the tens digit of 319370?
7
What is the units digit of 518132?
2
What is the tens digit of 25804316?
1
What is the thousands digit of 56542?
6
What is the ten thousands digit of 177602?
7
What is the hundreds digit of 8910952?
9
What is the units digit of 21854?
4
What is the thousands digit of 977670?
7
What is the units digit of 661589?
9
What is the hundred thousands digit of 16755127?
7
What is the ten thousands digit of 460706?
6
What is the tens digit of 2267549?
4
What is the tens digit of 263955?
5
What is the millions digit of 1455091?
1
What is the hundreds digit of 7745996?
9
What is the hundreds digit of 214318?
3
What is the units digit of 527860?
0
What is the hundred thousands digit of 7636236?
6
What is the ten thousands digit of 95232?
9
What is the hundreds digit of 7368680?
6
What is the hundred thousands digit of 1357447?
3
What is the thousands digit of 1608236?
8
What is the hundreds digit of 389210?
2
What is the hundred thousands digit of 107279?
1
What is the units digit of 1606607?
7
What is the tens digit of 282959?
5
What is the thousands digit of 389237?
9
What is the hundred thousands digit of 391972?
3
What is the tens digit of 5613239?
3
What is the hundreds digit of 185775?
7
What is the tens digit of 214710?
1
What is the hundreds digit of 458320?
3
What is the ten thousands digit of 2031870?
3
What is the tens digit of 3552455?
5
What is the tens digit of 1218557?
5
What is the ten thousands digit of 12631?
1
What is the hundred thousands digit of 12721144?
7
What is the hundreds digit of 81408?
4
What is the ten thousands digit of 334734?
3
What is the thousands digit of 6424825?
4
What is the hundreds digit of 1413400?
4
What is the hundreds digit of 5395?
3
What is the millions digit of 3513052?
3
What is the ten thousands digit of 2693414?
9
What is the hundred thousands digit of 495036?
4
What is the millions digit of 1133391?
1
What is the thousands digit of 288667?
8
What is the tens digit of 33079891?
9
What is the thousands digit of 584428?
4
What is the hundred thousands digit of 1790361?
7
What is the hundreds digit of 224223?
2
What is the hundreds digit of 12603257?
2
What is the units digit of 294096?
6
What is the ten thousands digit of 2084556?
8
What is the hundreds digit of 183165?
1
What is the hundred thousands digit of 101232?
1
What is the units digit of 4838390?
0
What is the hundreds digit of 1147761?
7
What is the units digit of 6765922?
2
What is the tens digit of 923416?
1
What is the units digit of 7668120?
0
What is the ten thousands digit of 1309385?
0
What is the ten thousands digit of 102422?
0
What is the units digit of 22196678?
8
What is the millions digit of 3264490?
3
What is the ten thousands digit of 752028?
5
What is the millions digit of 2219713?
2
What is the ten thousands digit of 1415138?
1
What is the tens digit of 73585?
8
What is the tens digit of 3172953?
5
What is the ten thousands digit of 1043454?
4
What is the hundred thousands digit of 1173599?
1
What is the hundred thousands digit of 15057221?
0
What is the hundred thousands digit of 6502832?
5
What is the hundred thousands digit of 12612687?
6
What is the ten thousands digit of 6522712?
2
What is the millions digit of 11376884?
1
What is the hundred thousands digit of 394440?
3
What is the ten thousands digit of 8163282?
6
What is the thousands digit of 489793?
9
What is the units digit of 5786751?
1
What is the hundred thousands digit of 34989435?
9
What is the units digit of 249974?
4
What is the tens digit of 289942?
4
What is the units digit of 1151653?
3
What is the ten millions digit of 26344874?
2
What is the hundred thousands digit of 310032?
3
What is the millions digit of 1020345?
1
What is the units digit of 726647?
7
What is the units digit of 2360167?
7
What is the ten thousands digit of 358642?
5
What is the units digit of 97789?
9
What is the tens digit of 527515?
1
What is the units digit of 4741394?
4
What is the ten thousands digit of 19813532?
1
What is the ten thousands digit of 291251?
9
What is the hundreds digit of 130199?
1
What is the ten thousands digit of 206332?
0
What is the millions digit of 3995850?
3
What is the hundred thousands digit of 339733?
3
What is the ten thousands digit of 10654257?
5
What is the ten thousands digit of 62438?
6
What is the units digit of 207271?
1
What is the millions digit of 15195791?
5
What is the hundred thousands digit of 1139409?
1
What is the units digit of 9107028?
8
What is the ten thousands digit of 4124821?
2
What is the tens digit of 36829?
2
What is the units digit of 3329955?
5
What is the ten thousands digit of 6585297?
8
What is the thousands digit of 66750?
6
What is the thousands digit of 493198?
3
What is the hundred thousands digit of 296339?
2
What 